y 691071.
140
Calculate the remainder when 792833 is divided by 198123.
341
What is the remainder when 59193 is divided by 7665?
5538
What is the remainder when 168430 is divided by 322?
24
What is the remainder when 130006 is divided by 42997?
1015
Calculate the remainder when 108732 is divided by 430.
372
Calculate the remainder when 1823183 is divided by 37.
8
Calculate the remainder when 272909 is divided by 166.
5
What is the remainder when 668301 is divided by 73890?
3291
What is the remainder when 6493355 is divided by 76?
67
Calculate the remainder when 24589763 is divided by 223.
222
What is the remainder when 2239803 is divided by 28715?
33
What is the remainder when 236326613 is divided by 3372?
3365
Calculate the remainder when 8912268 is divided by 355.
348
What is the remainder when 21304 is divided by 22?
8
Calculate the remainder when 1357743 is divided by 48490.
23
What is the remainder when 2140602 is divided by 50966?
30
What is the remainder when 45917 is divided by 16?
13
What is the remainder when 75657646 is divided by 24?
22
Calculate the remainder when 159244 is divided by 98.
92
Calculate the remainder when 12459946 is divided by 556.
542
What is the remainder when 61864 is divided by 15001?
1860
What is the remainder when 501969 is divided by 3302?
65
What is the remainder when 198893 is divided by 362?
155
What is the remainder when 327865 is divided by 81950?
65
What is the remainder when 17092706 is divided by 9?
5
What is the remainder when 907823 is divided by 681?
50
What is the remainder when 61632 is divided by 61492?
140
Calculate the remainder when 2653000 is divided by 2313.
2302
What is the remainder when 8609172 is divided by 74862?
42
Calculate the remainder when 857922 is divided by 428940.
42
What is the remainder when 15897606 is divided by 17?
5
What is the remainder when 119591 is divided by 1014?
953
What is the remainder when 158313 is divided by 51343?
4284
Calculate the remainder when 7431604 is divided by 262.
236
What is the remainder when 460925 is divided by 5?
0
What is the remainder when 1323004 is divided by 216?
4
What is the remainder when 10548122 is divided by 516?
50
What is the remainder when 916507 is divided by 130760?
1187
Calculate the remainder when 64903476 is divided by 614.
606
Calculate the remainder when 2059614 is divided by 686526.
36
What is the remainder when 57532473 is divided by 12?
9
What is the remainder when 78106988 is divided by 3151?
0
What is the remainder when 945941 is divided by 19706?
53
What is the remainder when 5507362 is divided by 5507356?
6
What is the remainder when 10226833 is divided by 1845?
1843
What is the remainder when 750290 is divided by 57707?
99
What is the remainder when 1450495 is divided by 232?
31
What is the remainder when 500273 is divided by 166756?
5
What is the remainder when 7618376 is divided by 84?
80
Calculate the remainder when 1206711 is divided by 1702.
1695
Calculate the remainder when 2226798 is divided by 2539.
95
What is the remainder when 7385 is divided by 1003?
364
Calculate the remainder when 676854 is divided by 257.
173
Calculate the remainder when 678344 is divided by 678323.
21
Calculate the remainder when 1735189 is divided by 1735180.
9
Calculate the remainder when 140788 is divided by 12089.
7809
What is the remainder when 259170 is divided by 23558?
32
Calculate the remainder when 2318362 is divided by 456.
58
What is the remainder when 3934271 is divided by 31?
30
Calculate the remainder when 224637426 is divided by 359.
356
What is the remainder when 4565690 is divided by 1425?
1415
Calculate the remainder when 268776 is divided by 1053.
261
What is the remainder when 81572 is divided by 27159?
95
What is the remainder when 4390461 is divided by 104?
101
What is the remainder when 1117936 is divided by 85991?
53
What is the remainder when 3695719 is divided by 73?
21
What is the remainder when 114639 is divided by 38213?
0
Calculate the remainder when 1315587 is divided by 1893.
1845
Calculate the remainder when 4048296 is divided by 2023971.
354
What is the remainder when 269650699 is divided by 638?
637
What is the remainder when 312681 is divided by 105?
96
Calculate the remainder when 314288 is divided by 20946.
98
What is the remainder when 17802167 is divided by 402?
401
Calculate the remainder when 1320892 is divided by 300.
292
What is the remainder when 431198 is divided by 17?
10
Calculate the remainder when 570775 is divided by 231.
205
What is the remainder when 2826045 is divided by 541?
402
Calculate the remainder when 32093471 is divided by 78468.
59
What is the remainder when 60460 is divided by 29307?
1846
Calculate the remainder when 690369 is divided by 230121.
6
What is the remainder when 3167094 is divided by 32317?
28
Calculate the remainder when 31929341 is divided by 469549.
9
Calculate the remainder when 5810780 is divided by 92233.
101
What is the remainder when 412640478 is divided by 4?
2
Calculate the remainder when 8887115 is divided by 362.
15
What is the remainder when 894716 is divided by 19450?
16
What is the remainder when 181549 is divided by 1697?
1667
Calculate the remainder when 682567748 is divided by 10.
8
What is the remainder when 1303766445 is divided by 48?
45
What is the remainder when 8140535 is divided by 3?
2
What is the remainder when 64639 is divided by 8077?
23
Calculate the remainder when 1225693 is divided by 277.
245
What is the remainder when 67012107 is divided by 64?
11
What is the remainder when 158442 is divided by 32?
10
What is the remainder when 9294262 is divided by 3806?
10
What is the remainder when 767492 is divided by 19679?
11
Calculate the remainder when 75878 is divided by 1674.
548
Calculate the remainder when 721976573 is divided by 2291.
2288
What is the remainder when 168561874 is divided by 5223?
5218
Calculate the remainder when 752892 is divided by 709.
643
Calculate the remainder when 1097788 is divided by 2099.
11
What is the remainder when 371945 is divided by 185543?
859
Calculate the remainder when 107711 is divided by 21330.
1061
What is the remainder when 1487194 is divided by 169?
163
Calculate the remainder when 1610999 is divided by 1036.
19
What is the remainder when 632895204 is divided by 53?
50
Calculate the remainder when 20385 is divided by 19709.
676
Calculate the remainder when 1492146 is divided by 28.
26
Calculate the remainder when 13350305 is divided by 635726.
59
Calculate the remainder when 50135783 is divided by 5149.
5119
Calculate the remainder when 30069 is divided by 3005.
19
Calculate the remainder when 7011375 is divided by 11.
8
What is the remainder when 190946 is divided by 373?
343
Calculate the remainder when 7275463 is divided by 104.
39
Calculate the remainder when 2666306 is divided by 257.
188
Calculate the remainder when 1021448 is divided by 9371.
9
Calculate the remainder when 1484355 is divided by 1329.
1191
Calculate the remainder when 11691 is divided by 11655.
36
What is the remainder when 47555 is divided by 5282?
17
Calculate the remainder when 12621309 is divided by 34.
33
What is the remainder when 24140 is divided by 116?
12
Calculate the remainder when 469918 is divided by 3430.
8
Calculate the remainder when 44354 is divided by 14427.
1073
What is the remainder when 1073987 is divided by 825?
662
What is the remainder when 1812706 is divided by 11399?
265
Calculate the remainder when 38457813 is divided by 2892.
2889
What is the remainder when 5436046 is divided by 279?
10
Calculate the remainder when 399414 is divided by 90.
84
What is the remainder when 2445832 is divided by 3581?
9
What is the remainder when 1097011 is divided by 16?
3
What is the remainder when 2589701 is divided by 215804?
53
What is the remainder when 2449888 is divided by 501?
499
Calculate the remainder when 125548 is divided by 62748.
52
Calculate the remainder when 28602751 is divided by 182.
177
Calculate the remainder when 2805254 is divided by 462.
452
Calculate the remainder when 212366795 is divided by 42473358.
5
What is the remainder when 521857699 is divided by 289?
284
Calculate the remainder when 12077 is divided by 2641.
1513
Calculate the remainder when 59766 is divided by 1576.
1